 1?
-18906e
In base 9, what is 2684227452 + -1?
2684227451
In base 2, what is 11100001001001110100010 - 1?
11100001001001110100001
In base 13, what is 3a859c + -47?
3a8555
In base 8, what is 10 + -60156471?
-60156461
In base 11, what is -614a03a + 62?
-6149a88
In base 10, what is 4 + 4025762?
4025766
In base 15, what is -4cd + -3620?
-3aed
In base 13, what is 5 + 21b6595?
21b659a
In base 12, what is -79 + -a38b?
-a448
In base 13, what is -10a664 - 21?
-10a685
In base 14, what is 5 + 8205b34?
8205b39
In base 3, what is -1200002001102 - -1012201?
-1200000211201
In base 3, what is -120101211102022200 - -11?
-120101211102022112
In base 2, what is 100100010001110101111001101 - 0?
100100010001110101111001101
In base 11, what is -3 + a813a16?
a813a13
In base 14, what is 1658c0 - 41?
16587d
In base 16, what is 4624f6 + -1b?
4624db
In base 14, what is 5 - 50c2?
-50bb
In base 6, what is 5 + 551314513?
551314522
In base 2, what is -1010011110100111010010011 - -10010?
-1010011110100111010000001
In base 11, what is 80241206 - -4?
8024120a
In base 15, what is -1747586c + 3?
-17475869
In base 12, what is 741 + 47b1?
5332
In base 5, what is -12 + -21421233?
-21421300
In base 16, what is 8c2 + 1c05?
24c7
In base 10, what is -5153079 - -8?
-5153071
In base 7, what is 26546 - -11125?
41004
In base 12, what is -1a86834 - 18?
-1a86850
In base 6, what is 15021 + -2543325?
-2524304
In base 9, what is 610006 - 132?
608764
In base 13, what is -2 + 18acc8?
18acc6
In base 6, what is 1410403 + 43441?
1454244
In base 16, what is 2eaf9 + -2b?
2eace
In base 7, what is -63625224 - -36?
-63625155
In base 9, what is 50756 + -26?
50730
In base 9, what is 7 + 2030578?
2030586
In base 3, what is -21002 - 10000112001?
-10000210010
In base 12, what is 521107 + 4?
52110b
In base 16, what is 26 - -5f3dc?
5f402
In base 15, what is -32e15 - 198?
-330ad
In base 4, what is -12022232001 - -10231?
-12022221110
In base 4, what is 301132233231 - 102?
301132233123
In base 16, what is 973a7f + -5?
973a7a
In base 8, what is 4627 + 5352?
12201
In base 8, what is -15 - 125456?
-125473
In base 12, what is -70855 + 1108?
-6b749
In base 4, what is -11 + -1130133303113?
-1130133303130
In base 13, what is 44c - -51673?
51ac2
In base 13, what is -337579 - -2?
-337577
In base 4, what is 1202103 - -103323?
1312032
In base 3, what is 200122212001000221 - -10?
200122212001001001
In base 13, what is a - -793bc?
793c9
In base 8, what is 7 - 526740127?
-526740120
In base 13, what is -1261c2a + 4?
-1261c26
In base 8, what is -22 + 1326677?
1326655
In base 14, what is 12 - 559db93?
-559db81
In base 7, what is -1431 + 30664?
26233
In base 13, what is -2 - 103cc6a?
-103cc6c
In base 13, what is -5c592c + -6?
-5c5935
In base 14, what is -20 + 1a3290a?
1a328ca
In base 6, what is -5 - 211140441?
-211140450
In base 12, what is 7299 + 179a9?
23086
In base 11, what is -4 + 229a3575?
229a3571
In base 5, what is 11324440004 + 0?
11324440004
In base 3, what is 1101 + 12001020220200?
12001020222001
In base 16, what is -4 + -1243e05?
-1243e09
In base 15, what is 214 - b8205?
-b7ee1
In base 10, what is -4 - -1520196?
1520192
In base 15, what is 19adb5 + -32e?
19aa86
In base 5, what is -23020 + 213330?
140310
In base 13, what is -b81a56a + -6?
-b81a573
In base 16, what is -4fd - -6a6c?
656f
In base 11, what is 5275226 + -7?
527521a
In base 5, what is 2242 - 1024234?
-1021442
In base 16, what is -4ec4 - -106?
-4dbe
In base 6, what is 30512 + 35425?
110341
In base 14, what is 358 - -2cd8?
3252
In base 10, what is 327 + 12110?
12437
In base 4, what is 2311 - -2203013131?
2203022102
In base 10, what is 101183 - -1572?
102755
In base 3, what is -211120220211222212 + -11?
-211120220212000000
In base 10, what is 1216708 + -950?
1215758
In base 10, what is -828325 - 0?
-828325
In base 15, what is -7 + 6b997?
6b990
In base 2, what is -1000111111111110111 - -10000110?
-1000111111101110001
In base 7, what is -11023233 - 104?
-11023340
In base 8, what is 14227302 + 4?
14227306
In base 9, what is -3488683 - 1?
-3488684
In base 2, what is -1000001011011100001100 + -1110000?
-1000001011011101111100
In base 11, what is 38a7 + -1aa?
36a8
In base 13, what is -907 + 251?
-686
In base 12, what is 13867 + -b24?
12943
In base 13, what is 10 + 22bb67?
22bb77
In base 4, what is 12 - 1202110302131?
-1202110302113
In base 10, what is 220354919 + 2?
220354921
In base 10, what is 8 + -51835204?
-51835196
In base 8, what is -304 - -21027?
20523
In base 15, what is -c319ac - -3?
-c319a9
In base 10, what is 73386 + 304?
73690
In base 3, what is -10002 + -21220111002?
-21220121011
In base 7, what is 141 + 165316?
165460
In base 2, what is -101001100001 - 1111011000010?
-10100100100011
In base 13, what is 6 + 538ba5?
538bab
In base 7, what is 104020332 + -4?
104020325
In base 10, what is 10975 + 168?
11143
In base 5, what is -10430111031 - 1?
-10430111032
In base 15, what is -1597e + 40?
-1593e
In base 13, what is -867 - 4777?
-5311
In base 9, what is 184407 + 1616?
186124
In base 9, what is 1 + -143853581?
-143853580
In base 12, what is -21a93 + a86?
-21009
In base 9, what is -1 - 301332561?
-301332562
In base 2, what is 10001100110010 + 11011101010011?
101101010000101
In base 14, what is 113 + 12c13?
12d26
In base 13, what is 99c92 + -74?
99c1b
In base 10, what is -16212194 - -3?
-16212191
In base 15, what is 69b90 - 96?
69ae9
In base 11, what is 0 + 921a6377?
921a6377
In base 12, what is 26 - 25381b?
-2537b5
In base 5, what is 402222 - 22240?
324432
In base 9, what is 0 + 4036788?
4036788
In base 6, what is 5 - -1021424130?
1021424135
In base 11, what is 8752a4 - 27a?
875025
In base 12, what is -145067 + -b5?
-145160
In base 12, what is -30 - 599295?
-599305
In base 13, what is -1c87 + -1a9?
-2163
In base 5, what is 42 + 11011030?
11011122
In base 8, what is -5233674 - -33?
-5233641
In base 9, what is 80057 - -7370?
87437
In base 14, what is -88 + 2a9648?
2a95a0
In base 2, what is -11111 - 1110011010111101001010110?
-1110011010111101001110101
In base 10, what is -21567 + 17884?
-3683
In base 12, what is 1a309a11 - -2?
1a309a13
In base 12, what is -16179 - -2268?
-13b11
In base 13, what is -38383 + -1a0?
-38553
In base 6, what is -2 - 230121432?
-230121434
In base 14, what is -2aaac8 + 9a?
-2aaa2c
In base 4, what is 1101212 - 322330?
112222
In base 3, what is 1 - 20100111000022?
-20100111000021
In base 16, what is a6 + 3d721?
3d7c7
In base 13, what is 4937 + 36b?
4ca5
In base 4, what is -1120032321 + -220?
-1120033201
In base 14, what is -185 + -2820d?
-28394
In base 12, what is -17a4a - 140?
-17b8a
In base 8, what is -67674401 - -151?
-67674230
In base 13, what is -4862594a + -1?
-4862594b
In base 12, what is 42a - -20b174?
20b5a2
In base 12, what is -151 + 517011?
516a80
In base 8, what is -2641 + 7750?
5107
In base 14, what is -15260 + -66c0?
-1b940
In base 14, what is -1 + 55cc07?
55cc06
In base 10, what is -28301451 + 6?
-28301445
In base 10, what is -23957 - 247?
-24204
In base 8, what is 106433 - 527?
105704
In base 14, what is 1d93 - -5d41?
7cd4
In base 6, what is 4140530 - -1355?
4142325
In base 6, what is 242532 - 1504?
241024
In base 5, what is 14400 + -41240132?
-41220232
In base 12, what is 198282 + -19?
198265
In base 11, what is a5 - 80585a7?
-8058502
In base 12, what is 3120516 + -1?
3120515
In base 16, what is ce + -318a?
-30bc
In base 7, what is -34520 - -3252?
-31235
In base 2, what is -11111110001101100011 - 1010?
-11111110001101101101
In base 8, what is 4422 + -167360?
-162736
In base 7, what is 31426023611 + -1?
31426023610
In base 12, what is 2 - -66546a9b?
66546aa1
In base 7, what is -265 + -46033020?
-46033315
In base 5, what is -24143 - -2311000?
2231302
In base 4, what is -22122330331 - 1?
-22122330332
In base 2, what is 1010000100111 + -1000?
1010000011111
In base 10, what is 73410 + -127?
73283
In base 11, what is 4 - -10a4a9387?
10a4a9390
In base 5, what is 14142333131 - 22?
14142333104
In base 11, what is -5 - 4911033?
-4911038
In base 5, what is 2341340244 - -3?
2341340302
In base 11, what is -4 + 10193a4?
10193a0
In base 15, what is 17d7 + 2a67?
434e
In base 12, what is -6796982 - -11?
-6796971
In base 2, what is 1101 - -11100111000100101101000?
11100111000100101110101
In base 14, what is 806b5 - -26?
806db
In base 5, w